+ 649. Calculate the remainder when t is divided by w.
14
Let g(y) = 430*y + 8249. Calculate the remainder when 189 is divided by g(-19).
31
Suppose 9*z - 340 = -11*z. Suppose -5*v - f + 511 = 0, 14*v - z*v + 2*f = -317. Calculate the remainder when 512 is divided by v.
100
Suppose 0 = 515*b - 185*b - 165990. Suppose 2*f - 4*l = -l + 28, 34 = 4*f + 5*l. What is the remainder when b is divided by f?
8
Let b(i) = i**3 + 6*i**2 - i. Let v be b(0). Calculate the remainder when (-2)/(-6) + 257/3 is divided by 75/5 + (v - 4).
9
Let u(n) = -13*n**3 - 92 + 5*n**3 + 106*n + 0*n**3 + 43*n**2 + 11*n + 9*n**3. Calculate the remainder when 103 is divided by u(-40).
19
Calculate the remainder when (14 + 3)*-15*(-4)/48*4 is divided by 17.
0
Let s be 68/153*9/2. Let q be (-15)/(-5) - (-2 + s). Suppose -q*o + 29 + 1 = 0. What is the remainder when 68 is divided by o?
8
Let m(z) = -z**3 + 9*z**2 + 9*z + 13. Let x be m(10). Suppose -4*d = x*d - 637. Suppose 11 = 6*b - d. Calculate the remainder when 31 is divided by b.
14
Suppose -5*k + 294 = -716. Let l(a) = a**2 - 4*a - 4. Calculate the remainder when k is divided by l(7).
15
Let r = -28 + 30. Suppose -2*v + j = -3, -r*v - j = -v. Calculate the remainder when 78 is divided by (-2 + -1)/(v/(-9)).
24
Let x = 51 - -5. Let l = x + -16. Let m = 57 - 36. Calculate the remainder when l is divided by m.
19
Let n(a) = -223*a + 149. Let i be n(-2). Suppose -i = -34*m - m. Let l = 100 - 51. Calculate the remainder when l is divided by m.
15
Let c(p) = -p**3 - 16*p**2 - 31*p - 31. Calculate the remainder when 801 is divided by c(-14).
9
Let x = -7 + 9. Let d(w) be the second derivative of -w**5/20 + w**4/6 + 5*w**2/2 + w. What is the remainder when 6 is divided by d(x)?
1
Let m be (-5)/(-5)*6/(-2). Let c(x) = -x**3 + 5*x + 4. What is the remainder when 4 + 15/20 + 225/4 is divided by c(m)?
13
Suppose 40*m = 34*m + 90. Suppose 5*x + 4*k = k - 7, -4*x + 8 = -k. Suppose m = i - x. Calculate the remainder when 26 is divided by i.
10
Let i = 4 + 5. Let h(x) = 7*x + 161. Let w be h(-20). Suppose r - 88 = -5*b, -w*r + 24*r + 5*b - 244 = 0. What is the remainder when r is divided by i?
6
Let t = 1156 + -1272. Let s = 173 + -39. Let c = s + t. What is the remainder when 52 is divided by c?
16
Let q(h) = -12*h - 135. Let a = -568 - -540. Calculate the remainder when q(a) is divided by 24.
9
Let h be -2 + (3 - 3 - -2). Suppose p - 2*p + 10 = h. Suppose -205*q + 188*q + 459 = 0. What is the remainder when q is divided by p?
7
Suppose 18*j + 39 = -33. Calculate the remainder when (4 + (2 - (-477)/(-12)))*j is divided by 17.
16
Suppose -32 = -4*m + 4*r, 5*m = 4*r + 36 + 4. Suppose 0 = -m*v + 360 - 48. What is the remainder when 148 is divided by v?
31
Calculate the remainder when 1474 is divided by (5/2)/(8*(-11)/(-880)).
24
Suppose -5*n = -2*v - 329, -4*n + 3*v - 154 + 413 = 0. Calculate the remainder when 22712 is divided by n.
66
Suppose -9 = -2*t + 129. Let a = 144 + -330. Let s = 210 + a. Calculate the remainder when t is divided by s.
21
What is the remainder when (-1590)/(-530) - (-1)/(0 - 2/(-28878)) is divided by 23?
21
Calculate the remainder when 1556 is divided by 24*((-40)/(-24) - 2)*-24.
20
Let a be (-2)/(-3)*(6 - -3). Suppose -5*r = 4*c - a*c - 348, -3*r + 5*c + 224 = 0. What is the remainder when r is divided by 14?
12
Let p be -2 + 5/2 - (-2488)/16. Suppose 5*y = -2*j + 5*j - 101, -4*j - 4*y + p = 0. What is the remainder when j is divided by 7?
2
Let d = -27946 + 29735. Calculate the remainder when d is divided by 52.
21
Let p = -5542 - -5930. What is the remainder when p is divided by (-223)/(-4) - 5/(-20)?
52
Let h = -124 - -96. Let v = h - -211. What is the remainder when v is divided by 47?
42
Suppose -5*h - 36*c = -35*c - 3746, 5*h + 3*c = 3758. What is the remainder when h is divided by 286?
176
Suppose -9*c - 3*c = -1128. Let x = c + -57. Let a(t) = 2*t - 2. Calculate the remainder when x is divided by a(8).
9
Suppose -36*c = -44*c + 376. Suppose c*x - 45*x - 103 = -5*z, -z + 135 = 3*x. What is the remainder when x is divided by 15?
14
Let r(z) = 20*z - 1200. Calculate the remainder when r(65) is divided by 22.
12
Suppose 343*r = 1045*r + 205*r - 37187. Suppose -3*v + 0 = 72. Let z = 46 + v. Calculate the remainder when r is divided by z.
19
Suppose -12 = 13*y - 17*y. Suppose y*p - 138 = v + 3*v, -v - 171 = -4*p. Suppose -h - 28 + p = 0. Calculate the remainder when 55 is divided by h.
13
Let b(t) = -t**2 - 13*t. Let h be b(-13). Suppose -4*v - 88 = -4*c, h = -2*c - 2*c + 3*v + 86. Let u = c - 15. What is the remainder when 12 is divided by u?
2
Suppose 316 = 4*g - 0*g - 4*s, 5*g + 3*s - 363 = 0. Let h = -23193 + 23197. Calculate the remainder when g is divided by h.
3
Let l = 95 + 76. Suppose -156 + l = x. Calculate the remainder when 116 is divided by x.
11
Let f(g) = 15*g**2 - 1. What is the remainder when f(-2) is divided by ((-2425)/(-50) + -52)*(-124)/14?
28
Let i be -11 + 7 + (1 - -1) - -4. Let z be i/7 + (-9316)/119. Let a = -50 - z. What is the remainder when 108 is divided by a?
24
Calculate the remainder when (6/5)/((-82)/(-15785)) is divided by 55.
11
Let a = -7 + 14. Let n = -9024 + 9058. Calculate the remainder when n is divided by a.
6
Let b = 1229 - 874. Let i = -106 + b. What is the remainder when i is divided by 6?
3
Suppose -34 = -4*g - 2*r + 18, -80 = -4*g + 5*r. What is the remainder when (2 - 3 - (3 + -3))*-133 is divided by g?
13
Let a = 221 - 219. What is the remainder when 599 is divided by ((-50)/(-7 + a))/((-5)/(-25))?
49
Let t = 155 - 148. Let r(y) = -y**3 + 5*y**2 + 16*y - 10. What is the remainder when 60 is divided by r(t)?
0
Suppose -4*t + g + 87 = -90, -127 = -2*t - 3*g. Let i(s) = -18*s**3 - 1. Calculate the remainder when t is divided by i(-1).
13
Suppose 15*x - 69 - 78 = -6*x. Suppose -3*g + 8 = -7. What is the remainder when x is divided by g?
2
Let i = 21 - -74. Suppose 0 = 5*a - 70 - i. Let u = -9 - -28. What is the remainder when a is divided by u?
14
Let r = -151 - -163. What is the remainder when 103 is divided by 321/r - (-27)/(-36)?
25
Suppose 50*n + 61*n - 1776 = 0. Let q(t) = t**3 - 3*t - 2. Let b be q(-1). Let a(j) = -j**3 + j**2 + 13. Calculate the remainder when n is divided by a(b).
3
Let y(r) = -7*r**3 + r**2 + 11*r + 16. Let a be y(-3). Let i = -139 + a. Calculate the remainder when i is divided by 18/(-63) - (-107)/7.
12
Suppose -c = 2*i - 12, i + 3 = 1. Let l = -47 - -74. Suppose l*m = -19*m + 1794. Calculate the remainder when m is divided by c.
7
Suppose 5*n + 3 = -2. Calculate the remainder when n - (-39 - (-1 - -2)) is divided by 8*(-847)/(-704) - (-63)/168.
9
Suppose 10*n + 1120 = 30*n. Calculate the remainder when -1*(-8)/(n/735) is divided by 20.
5
Let b be 3 + 3 + 21 + 3. Let v = 22 - b. Let l = v + 13. What is the remainder when 8 is divided by l?
3
Let f = -754 + 757. Let z(d) = -d**3 - 4*d**2 + 4*d + 4. Let i be z(-5). Calculate the remainder when (i/6)/(24/208) is divided by f.
1
Let l = 88 + 92. What is the remainder when l is divided by 48?
36
Suppose -5*d = t - 488 + 397, -3*t + 262 = 4*d. What is the remainder when t is divided by 51 + -2 + 2 + -1?
36
Let a(g) = 139*g**2 - 1. Suppose -15 + 36 = 8*z - 35. Calculate the remainder when a(1) is divided by z.
5
Suppose 3*y + 66 - 204 = 0. Let i = y - 43. Suppose 0 = -i*q - v + 94, -5*v + 46 = 2*q - 8. Calculate the remainder when q is divided by 11.
10
Let m be (-7)/(-2*(-5)/50). Let z = -33 + m. Let n = z + 258. Calculate the remainder when n is divided by 39.
34
Let c(q) = -q**2 - 4*q - 1. Let s be c(-3). Suppose -48 = -p - s*p. Suppose 38*o = -13*o - 7*o + 3654. What is the remainder when o is divided by p?
15
Let b = 7429 - 5608. Calculate the remainder when b is divided by 21.
15
Suppose 1 = 3*u + 4, 0 = -4*i - 3*u + 237. Let x = 745 - 741. What is the remainder when (1/((-3)/i))/(-2) is divided by x?
2
Suppose z + 880 = 81*z. What is the remainder when 679 is divided by z?
8
Let s(c) = 4*c**2 - c + 5. Suppose 119*g + 1200 + 178 = 172*g. What is the remainder when s(-4) is divided by g?
21
Suppose -82 = -3*m + k, 20*m - 4*k - 128 = 16*m. Suppose x = 3*x - 280. What is the remainder when x is divided by m?
15
Let b(d) = -42*d**2 - 893*d - 4. Calculate the remainder when 662 is divided by 